r of 117 and k?
13
Suppose -4*q - 4*j - 34 = -222, 2*q - 5*j = 73. What is the highest common factor of q and 11?
11
Let q be 7*-3*2/(-6). What is the greatest common factor of 35 and q?
7
Let x be 1*-2*6/(-4). Suppose -6*a = -4*u - 2*a + 24, x*a + 40 = 5*u. Calculate the highest common divisor of 99 and u.
11
Let h = 48 + 47. Calculate the highest common divisor of h and 19.
19
Suppose -2*r = -t + 3*t - 6, 0 = -2*t - 4*r. Let i(u) = 4*u + 0 - 5 + 1. Let g be i(4). What is the greatest common factor of t and g?
6
Suppose -24 = -11*k + 9*k. Calculate the greatest common factor of 48 and k.
12
Let v = 110 + -34. Calculate the highest common factor of 38 and v.
38
Let t = 142 + -52. Let r = 15 + -2. Suppose 53 = 4*l + r. What is the greatest common factor of t and l?
10
Let n(z) = -4*z + 9. Let a be n(4). Let q = 1 - a. What is the greatest common factor of q and 56?
8
Let n = -7 + 11. Suppose n*k = -2*l + 128, -l = k + 3*l - 32. Calculate the greatest common divisor of 8 and k.
8
Let b = -8 + 89. Calculate the greatest common factor of 9 and b.
9
Let q be ((-33)/4)/((-8)/(-32)). Let f = q - -58. Calculate the greatest common divisor of f and 10.
5
Suppose -2*n - n = -5*r + 22, -4*n - 2*r - 38 = 0. Let z = 19 + n. Let w = z - 7. What is the greatest common divisor of w and 3?
3
Let a be 2 - (2*-1)/1. Let h be 2/2*(a - -1). Calculate the highest common factor of 55 and h.
5
Let y be 66/8 - (-6)/8. Calculate the highest common factor of 81 and y.
9
Let t = 17 - 12. Suppose 249 = 3*d + 3*h, -t*d + 406 = 3*h - h. Calculate the greatest common divisor of d and 10.
10
Let l = 0 - -5. Suppose 0 = -3*f - 3*t + 162, 0*t + 260 = l*f + 3*t. What is the greatest common divisor of 7 and f?
7
Suppose -3*i - 33 = -3*l, -2*i - 21 = 5*l - 76. Suppose -3*r + l = -154. Let g be 11 - (1 + 0 + -1). Calculate the greatest common factor of g and r.
11
Let v(a) = a**2 - 15*a - 22. Let d be v(17). Calculate the greatest common factor of 36 and d.
12
Let g = -6 - -6. Suppose -u - 1 = -j, g = -0*j + 5*j + 2*u - 19. Calculate the highest common divisor of j and 15.
3
Let i = 142 - 140. What is the highest common factor of i and 2?
2
Let i be (-20)/12*((-4)/(-2) - 26). What is the greatest common factor of 16 and i?
8
Let d be 2/(-1) + 1*14. Calculate the greatest common factor of 120 and d.
12
Let v be (14/35)/(1/15). Suppose -1 = -3*b + 5*j, -5*b - 3*j - v + 19 = 0. Let d be 15/b*(-4)/(-6). Calculate the greatest common factor of 1 and d.
1
Let k be 0 + 2 + (2 - -5). Let l = -2 + k. Suppose -3*p = -3 - 18. Calculate the greatest common divisor of l and p.
7
Let m be (-83 + 3 - 3)*-1. Suppose -3*p + 397 = -m. Calculate the greatest common divisor of 20 and p.
20
Let f = -20 - -24. Suppose -5*o + f*o = -12. Calculate the highest common divisor of 12 and o.
12
Let q = 25 + -12. Let p(z) = 3*z - 9. Let w be p(q). What is the greatest common factor of w and 20?
10
Suppose -3*i = -o - 41, -4*i - 4*o = -2*i - 18. Let d = -9 + 13. Suppose -39 = -d*r + 3*r. Calculate the greatest common factor of r and i.
13
Suppose -4*d = -0*d - 80. Calculate the highest common factor of d and 4.
4
Let b = 169 + -165. Calculate the greatest common divisor of b and 64.
4
Let l = 0 - -3. Suppose -4*q = -3*q. Suppose -l*o + 90 = -q*o. Calculate the highest common divisor of 10 and o.
10
Let l be 66 - (0 - 0 - -1). Let k = l - 45. What is the greatest common factor of k and 5?
5
Let j = 3 + -12. Let p be 4/(-18) - 38/j. What is the highest common factor of 8 and p?
4
Let d(z) = z. Let k be d(6). Let j be (106 + -1)/(k + -5). What is the greatest common factor of 15 and j?
15
Suppose -5*r + 678 + 697 = 0. What is the greatest common divisor of r and 25?
25
Let j(u) = u**3 + 13*u**2 - u - 5. Let q be j(-13). Let x = 2 - 2. Suppose -3*z + 120 = -x*z. What is the highest common divisor of z and q?
8
Suppose 2 = -w - 4*f, -5 = f + 4*f. Suppose -2*i - w*i = -8. Suppose -i*k + 104 = -4*z, 4*z + 215 - 27 = 4*k. What is the highest common divisor of k and 6?
6
Let a = 17 + -3. Let d be 2/(-10) + 2313/15. Calculate the greatest common factor of d and a.
14
Let n be (-1)/5 + (-6)/(-30). Suppose i - 8 + 0 = n. What is the highest common divisor of i and 1?
1
Let r(y) = -2*y - 2*y - 2*y - 3*y - 4. Let u be r(-5). Suppose 2*c + 4*i = 32, 4*c - u = 2*c + 5*i. Calculate the highest common divisor of 90 and c.
18
Let k = 30 + -15. What is the highest common factor of 30 and k?
15
Let z be (-2)/3 - 123/(-9). What is the highest common divisor of z and 117?
13
Let z(r) = 19*r**2 + r. Let y be z(-3). Calculate the greatest common factor of 24 and y.
24
Let k(u) be the first derivative of -1/2*u**2 + 2/3*u**3 - 1 + 2*u. Let t be k(3). What is the highest common divisor of 68 and t?
17
Let n = 13 + -4. Let z be n/(-15) - 103/(-5). Let i be (1 - -1)/(-2)*-50. What is the highest common factor of z and i?
10
Suppose 2*j - 504 = 4*v - 8*v, 494 = 4*v - 3*j. Calculate the highest common divisor of 25 and v.
25
Let a(y) = -y**3 + 7*y**2 + 2. Let f be a(7). Suppose -f = -b + 1. Let d(t) = -t - 3. Let q be d(-6). Calculate the highest common factor of b and q.
3
Suppose -2*s = -7*s + 130. Suppose -3*q + 2*j = -25, -j + 0*j = -3*q + s. What is the greatest common factor of 72 and q?
9
Suppose 0*y = -y - 5*d + 27, -16 = -4*d. Let q = -172 - -61. Let g = 188 + q. What is the highest common factor of y and g?
7
Let t be 7/(14/4) + -29. Let z be 227/9 + 6/t. Calculate the highest common divisor of z and 5.
5
Let x = 25 - 17. Let y = 13 + x. What is the greatest common factor of y and 21?
21
Let t be 11/2*4 + 4. Calculate the highest common divisor of 78 and t.
26
Let g(a) = -a**3 - 2*a**2 + 7*a + 5. Suppose 0*u + 5 = y - 3*u, 2 = y - 2*u. Let z be g(y). What is the greatest common divisor of 72 and z?
9
Let t be (1 - 42/8)/(3/(-12)). What is the greatest common divisor of 153 and t?
17
Let c be (-3)/((-30)/(-4))*-5. Let b be (0 + c)*(2 + 4). Calculate the highest common factor of 96 and b.
12
Let c = 14 + -10. Suppose 0 = -8*i + 3*i + c*w + 711, 2*i - 291 = -5*w. What is the greatest common factor of i and 13?
13
Let x be (-6 + 3)*6/(-9). Let t be (-1)/(-1)*(4 - 1). Suppose 3*o + t*w = 51, x*o = w + 25 - 0. Calculate the highest common divisor of o and 14.
14
Suppose 7 - 51 = -4*h. What is the highest common divisor of h and 44?
11
Let b be 2/(-5) + 4/10. Suppose 1 = u - x, 4*u = -x - b*x + 9. Suppose 5*c - 7 + u = 0. Calculate the highest common factor of 8 and c.
1
Suppose -3*r + 94 = 5*w, -r + 9 + 9 = w. Let t = 1 - -9. What is the highest common divisor of t and w?
10
Let c = 11 + -21. Let f be (c - -6)*(-2)/4. Calculate the greatest common divisor of 5 and f.
1
Suppose 0 = 2*u + u + 6, 76 = y - 2*u. Calculate the highest common divisor of y and 9.
9
Suppose 0 = 3*m - 84 - 84. Calculate the highest common divisor of 140 and m.
28
Suppose 0 = 5*f - 79 - 346. Let p = -61 + f. What is the greatest common factor of 8 and p?
8
Let i(p) = -p**2 + 9*p - 6. Let g be i(8). Let c be (-56)/(-6) - g/6. Suppose -30 = 5*m - 255. What is the greatest common factor of c and m?
9
Suppose 2*w = u + 20, 2*u + 0*w = -4*w - 32. Let z be (14/4)/((-1)/u). What is the highest common factor of 9 and z?
9
Suppose 5*l + 2548 = 2*l + 2*a, 5*a = -3*l - 2513. Let b be (-8)/28 + l/(-21). Calculate the highest common divisor of b and 10.
10
Let t = 24 - 0. What is the greatest common factor of t and 48?
24
Suppose 5*w = 1 + 9. Suppose -5*i + w*i + 18 = 0. What is the greatest common factor of 6 and i?
6
Let t = -11 + 15. Suppose t*r + 0*l - 5*l = 11, 4*r - 21 = -5*l. Suppose r*q + 0*q - 4 = 0. Calculate the highest common divisor of 3 and q.
1
Suppose -4*i - 3*s + 5 = -11, -4*i + 40 = -3*s. What is the greatest common divisor of 56 and i?
7
Let p(d) = 3*d + 6. Let q be p(-10). Let v be (90/(-27))/(2/q). What is the highest common factor of 5 and v?
5
Suppose -5*l = 2*p - 254 - 138, 0 = 2*l - 4*p - 176. Calculate the highest common divisor of l and 10.
10
Suppose 4*t + 163 = 5*d, -46 + 5 = -d - 2*t. Suppose -5*z + 30 = 5*m, -2 = 5*z + 3. Calculate the greatest common factor of m and d.
7
Let u be 0/(3 - 0) + 0. Suppose u = 5*c + 16 + 9, -2*c = -4*d + 50. What is the greatest common divisor of d and 50?
10
Suppose d + 4*d - 550 = 0. Suppose -u - 4*u = -d. What